rs of v?
2, 3
Let b be (1 - 0)*(-4 - 2). Let y = b + 8. Suppose 4*c + 8 = -0, 0 = y*m + c - 2. List the prime factors of m.
2
Suppose 3*g - g - 3*q - 27 = 0, g + 3*q = 0. Let f(a) = -a**2 + 9*a + 9. List the prime factors of f(g).
3
Let l = 151 + -56. Suppose 4*s - l - 37 = 0. List the prime factors of s.
3, 11
Suppose 0 = 98*v - 104*v + 1434. What are the prime factors of v?
239
Let f(q) = q - 4. Let c be f(8). List the prime factors of (c + -2)*(-69)/(-6).
23
Let h = -446 + 847. List the prime factors of h.
401
Let h(s) = -4*s - 1. Let p(n) = n. Let q(z) = -h(z) - 3*p(z). Let v = 11 + -4. List the prime factors of q(v).
2
Let i(n) = 4*n**3 + n - 3. What are the prime factors of i(2)?
31
Suppose -3*x + 15 = -21. Let c(b) = -2*b - 1. Let q be c(-2). Suppose -5*l - 4*d = -6*l - x, 0 = l + q*d - 16. What are the prime factors of l?
2
Suppose -5*a = -3 - 57. What are the prime factors of a?
2, 3
Let p be (-45)/(1/4 + -1). Suppose 6*o - p = 3*o. List the prime factors of o.
2, 5
Suppose 12*l + 6 = 14*l. Suppose 49 = 2*u - 0*h - 3*h, 5*u - 127 = l*h. What are the prime factors of u?
2, 13
Let m(x) = -3*x + 3*x - 5*x - 2*x**2 + 3 + 0*x**2. Let r be m(-4). List the prime factors of 3 + (-1)/(3/r).
2, 3
Let a(k) = 14*k - 4. Let z be a(-4). Let w = -43 - z. Let h = w - -2. List the prime factors of h.
19
Let c be 3 + (1 - 1) - -2. Suppose -h - 7 - 3 = 4*x, -c*h - 5*x - 5 = 0. Suppose -2*z - h*z + 32 = 0. What are the prime factors of z?
2
Let c be ((-22)/(-3))/(4/6). Let u = -5 - -46. Suppose 2*j = u - c. What are the prime factors of j?
3, 5
Suppose 0 = 4*j - 0*j - 8. Let u = j - 5. List the prime factors of -3 + (7 - 3/u).
5
What are the prime factors of 7/((-9)/(-3) + -2)?
7
Suppose -3*h = -5*o - 62, -136 + 30 = -4*h - 5*o. What are the prime factors of h?
2, 3
Let y(k) = k**2 - 5*k - 2. Let i be y(5). Let r be ((-12)/10)/(i/15). Suppose -4*j - 10 = -r*j. What are the prime factors of j?
2
Suppose 4*j + 0*j - 88 = 0. What are the prime factors of j?
2, 11
Let l = 111 - 61. Suppose -2*a + l = -8. List the prime factors of a.
29
Let m be (0 - 2)/(9/(-36)). Suppose -2*y - m + 48 = 0. What are the prime factors of y?
2, 5
Let d = 317 - 165. List the prime factors of d.
2, 19
Suppose 0 = 5*n - 4*d - 38, 20 + 7 = 3*n - d. Let q be 12/n*10/4. Suppose -70 = -5*b - q*h, -4*h + 2*h = b - 21. List the prime factors of b.
11
Let i = 6 - -3. Let h be (-2)/9 - (-299)/i. Let n = -21 + h. List the prime factors of n.
2, 3
Suppose -5*v + 68 = -3*v - 4*q, -5*v = 2*q - 110. List the prime factors of v.
2, 3
Suppose 0 = 5*w - 15, 0 = -a + w + 39 + 45. What are the prime factors of a?
3, 29
Let i(x) = -x**3 + 7*x**2 - 6*x + 3. Let j be i(6). Suppose 114 = 3*o + 3*v, o = -j*o - 5*v + 155. List the prime factors of o.
5, 7
What are the prime factors of 5/(-20) + 121/4?
2, 3, 5
Let t(y) = 5*y**2 - 3*y - 2. Let g be t(-1). Suppose -108 = 2*u - g*u. List the prime factors of u.
3
Let b(k) = -3*k**3 - k**3 + 3*k**3 - 3*k + 6*k - 4 - k**2. List the prime factors of b(-3).
5
Let s be (-5)/25 - 174/5. Let k = 50 + s. List the prime factors of k.
3, 5
Let y(q) = -q**2 - 4*q - 2. Let n be y(-4). List the prime factors of (-3 - -12) + (n - 1).
2, 3
Suppose -3*w = 3*l - 5*l - 92, -4*l - 150 = -5*w. What are the prime factors of w?
2, 17
Let n(l) = 140*l**2 - l + 2. List the prime factors of n(1).
3, 47
Suppose 30 = -3*p + p. Let t = p + 31. List the prime factors of t.
2
Suppose -4*o + 24 = -2*k, -2*k + o + o - 14 = 0. Let f be 5*k*6/5. List the prime factors of 8/f + 38/3.
2, 3
Let r(f) = -f + 7. Let v be r(7). Let u be (-3 - -5) + v/2. Suppose -t = -u - 9. List the prime factors of t.
11
Let t be (10/1)/(((-4)/4)/1). Suppose 0 = 5*w + 19 + 126. Let l = t - w. List the prime factors of l.
19
Suppose 0 = -4*m + 5*c + 359 + 296, m - 172 = 4*c. List the prime factors of m.
2, 5
Let i be (-10)/3*-3*-1. What are the prime factors of (-125)/i + (-2)/(-4)?
13
Let o(k) = 107*k - 8. What are the prime factors of o(2)?
2, 103
Let a(i) = -i**2 - i - 1. Let v(s) = 2*s - 4. Let w(g) = -2*a(g) + v(g). What are the prime factors of w(3)?
2, 7
Let v(q) = 3*q**2 + 6*q. Let h be v(-4). Suppose -4*z = 4 - 8. List the prime factors of (z/(-2))/((-1)/h).
2, 3
Suppose 9*n = 4*n + 145. List the prime factors of n.
29
Let y = -57 + 128. Suppose 4*x = 3*v + y, 2*v + 25 = 3*x - 29. What are the prime factors of x?
2, 5
Suppose -2*x = -7*x + 100. What are the prime factors of x?
2, 5
Let a(h) = h**3 - 13*h**2 - 6*h - 31. List the prime factors of a(14).
3
Suppose 5*t = 3*f - 182, -228 = -6*f + 2*f + 3*t. Suppose 3*p = 5*a - f, -7*a - p = -3*a - 33. What are the prime factors of 1 - (a/(-3))/1?
2
Let q(h) = -h**2 + 27*h + 3. What are the prime factors of q(21)?
3, 43
Let r(p) = -p + 2. Let j be r(0). What are the prime factors of 32/j + (-8 - -8)?
2
Let c = -21 + 123. What are the prime factors of c?
2, 3, 17
Suppose -3*m - 4 = 2. Let f = 5 + m. What are the prime factors of f?
3
Suppose -3*z = 2*v - 25, 3*z - 2*v = 3 + 2. Suppose -z*n - 31 + 206 = 0. List the prime factors of n.
5, 7
Let z(r) = 8*r + 1. Suppose k + 3 + 4 = -3*x, -3*x - 1 = -5*k. Let w be z(k). Let p = 13 + w. What are the prime factors of p?
2, 3
Let w = -14 + 18. Suppose g - 3*s - 41 - 11 = 0, w*g - 3*s - 190 = 0. List the prime factors of g.
2, 23
Let x(d) = d**3 - 7*d**2 - 8*d + 2. Let g be x(8). Suppose g*c - 5 = 11. Suppose 0*p = -3*l - 2*p + c, 26 = 4*l - 5*p. What are the prime factors of l?
2
Let j = 172 + -53. List the prime factors of j.
7, 17
Suppose -5*s = 3*x + 176 - 717, s = 2*x - 352. What are the prime factors of x?
3, 59
Suppose -2*v - 13 + 107 = 2*z, -4*v = -5*z - 197. What are the prime factors of v?
2, 3
Let w = -39 + 108. What are the prime factors of w?
3, 23
Suppose -7*l = -4*l - 96. Let z = 59 - l. List the prime factors of z.
3
Let k(l) = 2*l**2 - 3*l + 1. Suppose -4*c = 4*o - 40, -2*o + c + 20 = 2*c. Suppose -r - 10 = -3*x, -x + 2*r + o = -0*x. What are the prime factors of k(x)?
3
Let a = 6 - 4. Let z = 3 - a. What are the prime factors of (1/(2/20))/z?
2, 5
Let x(h) = -2*h - 3. What are the prime factors of x(-5)?
7
Suppose -99 = 4*h + 5. Let g = h + 55. List the prime factors of g.
29
Suppose -2*u = -0 + 14. Let b be (-2 - u) + 1*-1. Suppose m - b*m = -21. List the prime factors of m.
7
Let s(b) = 2*b - 6. Let w be s(5). Let g(t) = -14*t + 2 - w + 1. What are the prime factors of g(-1)?
13
Let l(a) = -2*a**3 - a. Let y be l(-1). Suppose b - y*b + 6 = 0. Suppose b*d = 5*h - 6 - 11, 2*h - 7 = d. What are the prime factors of h?
2
List the prime factors of (-4)/16 + 111/12.
3
Let k = 167 - 152. What are the prime factors of k?
3, 5
Suppose 4*j = -2*z + 72, 0 = 2*j + 2*j + 5*z - 78. What are the prime factors of j?
17
Let p(m) = 3*m**2 + m - 9. List the prime factors of p(-5).
61
Let k be (-1)/((-9)/(-6) + -2). Suppose -l = k*l. Let r = 7 + l. List the prime factors of r.
7
Suppose -f + 59 = -2*q, 0 = -q - 5*f - 32 + 8. Let g = -12 + -31. Let t = q - g. What are the prime factors of t?
2, 7
What are the prime factors of 2*984/(-40)*(-20)/6?
2, 41
Let h(t) = -t**2 - 5*t + 5. Let p be 2*3/(-6)*-1. Let g = p + -6. What are the prime factors of h(g)?
5
Suppose 5*o - 64 = 4*o. Suppose -2*g = -5*v + o, -2*v - 5*g + 0*g + 43 = 0. What are the prime factors of v?
2, 7
Suppose 5*y - 176 = 4*h, 2*y + 3*h - 52 - 23 = 0. Let p = y - 20. What are the prime factors of p?
2
Suppose -5*o + o + 36 = 0. Let j be 48/9 + (-3)/o. Suppose 3*t - j*a + 0 = 13, -t - 5*a + 31 = 0. What are the prime factors of t?
11
Suppose 156 + 0 = 4*x. List the prime factors of x.
3, 13
Let n = 5 - -5. Let j be 17/(-3) - (-2)/(-6). Let v = j + n. List the prime factors of v.
2
Let k(m) be the third derivative of m**5/60 + 5*m**4/24 - 2*m**3/3 - 3*m**2. Let n = -1 - 5. What are the prime factors of k(n)?
2
Suppose -z - 6 + 58 = 0. Let o be z/(-5) - 8/(-20). Let h = o + 16. List the prime factors of h.
2, 3
Suppose 7*x - 12 = 3*x. Let m(v) = 2*v - 13. Let z be m(9). Suppose -b + x*b + k = 20, z*b - 53 = -k. List the prime factors of b.
11
Suppose -4*y - 3*f + 6 = -0*y, -5*y - 2*f = -11. Suppose 5*l = -y*w + 102, 0 = 5*w - 2*w - 2*l - 123. What are the prime factors of w?
3, 13
Let g(o) = 10*o**2 - 3*o. List the prime factors of g(2).
2, 17
Suppose 6*t -